ors of 322432515.
3, 5, 23, 103843
List the prime factors of 509980569.
3, 7, 17, 859, 1663
List the prime factors of 112721788.
2, 293, 96179
What are the prime factors of 50830911?
3, 307, 18397
What are the prime factors of 29444846?
2, 3557, 4139
What are the prime factors of 494960594?
2, 247480297
List the prime factors of 5628004305.
3, 5, 7, 11, 983, 4957
What are the prime factors of 1850553192?
2, 3, 77106383
List the prime factors of 93151630.
2, 5, 11, 13, 65141
List the prime factors of 15052685.
5, 3010537
What are the prime factors of 1098633676?
2, 7, 31, 727, 1741
List the prime factors of 5084562683.
8263, 615341
What are the prime factors of 2139499855?
5, 427899971
List the prime factors of 428721664.
2, 7, 37, 53, 61
What are the prime factors of 96474215?
5, 19294843
List the prime factors of 27041385.
3, 5, 7, 36791
What are the prime factors of 381787004?
2, 95446751
List the prime factors of 1203789856.
2, 17, 73, 30313
What are the prime factors of 2313633396?
2, 3, 192802783
What are the prime factors of 140513853?
3, 3733, 12547
List the prime factors of 2038742533.
331, 1187, 5189
What are the prime factors of 366981230?
2, 5, 7, 11, 476599
List the prime factors of 848101256.
2, 106012657
What are the prime factors of 148558039?
7, 29, 439, 1667
What are the prime factors of 41332058?
2, 23, 898523
What are the prime factors of 178215341?
59, 3020599
What are the prime factors of 301775069?
283, 1066343
What are the prime factors of 546771751?
546771751
List the prime factors of 65104088.
2, 7, 1162573
List the prime factors of 80944283.
7, 59, 195991
What are the prime factors of 556621402?
2, 5381, 51721
What are the prime factors of 4122190155?
3, 5, 1933, 142169
What are the prime factors of 1917777016?
2, 53, 4523059
What are the prime factors of 40082733?
3, 4453637
What are the prime factors of 21458457?
3, 41, 58153
List the prime factors of 2210955918.
2, 3, 368492653
List the prime factors of 26393572.
2, 43, 173, 887
List the prime factors of 773911516.
2, 7, 29, 953093
What are the prime factors of 59352100?
2, 5, 17, 34913
List the prime factors of 246322019.
23, 463, 23131
What are the prime factors of 122119803?
3, 13, 1043759
List the prime factors of 80966116.
2, 7, 11, 262877
List the prime factors of 675240180.
2, 3, 5, 43, 261721
What are the prime factors of 196210227?
3, 197, 331997
List the prime factors of 2748120246.
2, 3, 152673347
What are the prime factors of 42737047?
41, 73, 109, 131
What are the prime factors of 10144371?
3, 719, 4703
List the prime factors of 1134245207.
23, 49315009
What are the prime factors of 661438726?
2, 13, 25439951
List the prime factors of 33443075.
5, 1337723
List the prime factors of 16328036.
2, 79, 163, 317
List the prime factors of 86768570.
2, 5, 7, 1239551
List the prime factors of 55100020.
2, 5, 31, 181, 491
List the prime factors of 51648490.
2, 5, 5164849
What are the prime factors of 312819797?
43, 7274879
What are the prime factors of 351071936?
2, 5485499
List the prime factors of 3242823021.
3, 191, 1886459
List the prime factors of 5427606101.
19, 1553, 183943
What are the prime factors of 2076823738?
2, 11, 97, 773, 1259
List the prime factors of 2055251394.
2, 3, 7, 19, 13627
List the prime factors of 5286930819.
3, 1249, 1410977
List the prime factors of 7236217862.
2, 36527, 99053
What are the prime factors of 30459117?
3, 13, 781003
What are the prime factors of 364005468?
2, 3, 3370421
List the prime factors of 81508707.
3, 7, 61609
List the prime factors of 46078663.
46078663
What are the prime factors of 466373364?
2, 3, 1409, 27583
List the prime factors of 665447230.
2, 5, 7, 9506389
What are the prime factors of 1701775910?
2, 5, 8039, 21169
What are the prime factors of 63796622?
2, 83, 384317
What are the prime factors of 35549573?
107, 457, 727
What are the prime factors of 1533357140?
2, 5, 7, 47, 467, 499
What are the prime factors of 975627680?
2, 5, 101, 60373
List the prime factors of 243931228.
2, 53, 439, 2621
List the prime factors of 373467831.
3, 11, 1028837
What are the prime factors of 1502521205?
5, 300504241
What are the prime factors of 1675861024?
2, 911, 57487
List the prime factors of 226057061.
226057061
List the prime factors of 43756313.
43756313
What are the prime factors of 794434713?
3, 264811571
List the prime factors of 125109481.
7, 17872783
List the prime factors of 758919952.
2, 7, 1597, 4243
List the prime factors of 467465848.
2, 29, 2014939
What are the prime factors of 4119800865?
3, 5, 83, 3309077
List the prime factors of 59371273.
13, 37, 123433
What are the prime factors of 419429936?
2, 179, 146449
What are the prime factors of 651958240?
2, 5, 61, 67, 997
List the prime factors of 56206342.
2, 23, 751, 1627
What are the prime factors of 911149829?
167, 251, 21737
List the prime factors of 152215899.
3, 11, 89, 51827
What are the prime factors of 37227072?
2, 3, 193891
What are the prime factors of 163476524?
2, 40869131
What are the prime factors of 415577434?
2, 207788717
List the prime factors of 42072725.
5, 53, 113, 281
List the prime factors of 972942911.
47, 229, 90397
List the prime factors of 1280428517.
1280428517
What are the prime factors of 3994245?
3, 5, 29587
What are the prime factors of 50180601?
3, 16726867
List the prime factors of 4943855.
5, 7, 17, 1187
What are the prime factors of 92078347?
92078347
What are the prime factors of 132902699?
47, 71, 39827
List the prime factors of 255739701.
3, 7, 12178081
What are the prime factors of 1061748706?
2, 47, 1381, 8179
List the prime factors of 6290976547.
8971, 701257
What are the prime factors of 1017911182?
2, 41, 12413551
List the prime factors of 70240593.
3, 251, 93281
List the prime factors of 75554725.
5, 3022189
List the prime factors of 10530333.
3, 11, 106367
What are the prime factors of 194307529?
13, 2729, 5477
What are the prime factors of 11576571?
3, 1061, 3637
List the prime factors of 6906880967.
7, 79, 739, 16901
What are the prime factors of 153200067?
3, 41, 1245529
What are the prime factors of 718738190?
2, 5, 89, 807571
List the prime factors of 58137237.
3, 53, 40627
List the prime factors of 1110824518.
2, 61, 9105119
What are the prime factors of 62636207?
173, 362059
List the prime factors of 33199184.
2, 2074949
List the prime factors of 23701710.
2, 3, 5, 790057
List the prime factors of 283802944.
2, 4434421
What are the prime factors of 194912070?
2, 3, 5, 19, 341951
What are the prime factors of 6157687950?
2, 3, 5, 109, 125539
What are the prime factors of 311859671?
16091, 19381
What are the prime factors of 400834991?
31, 12930161
What are the prime factors of 4966247406?
2, 3, 827707901
List the prime factors of 185178797.
185178797
List the prime factors of 175741110.
2, 3, 5, 53, 12281
List the prime factors of 276676179.
3, 13, 821, 8641
List the prime factors of 648724366.
2, 3041, 106663
List the prime factors of 3826954773.
3, 6053, 70249
List the prime factors of 240790933.
19, 23, 197, 2797
What are the prime factors of 83623998?
2, 3, 23, 47, 12893
List the prime factors of 39075811.
37, 463, 2281
List the prime factors of 2858536963.
2858536963
List the prime factors of 94857767.
94857767
List the prime factors of 243614547.
3, 11, 91139
List the prime factors of 16861926.
2, 3, 17, 165313
List the prime factors of 366391010.
2, 5, 61, 600641
List the prime factors of 19987724.
2, 283, 17657
What are the prime factors of 4267352783?
37, 61, 1890719
List the prime factors of 1650834577.
7, 6269, 37619
What are the prime factors of 309184056?
2, 3, 4294223
What are the prime factors of 2110298751?
3, 11, 109, 7243
List the prime factors of 132443961.
3, 13, 3395999
List the prime factors of 25517458.
2, 12758729
List the prime factors of 11440183.
67, 170749
List the prime factors of 1037773681.
7, 148253383
What are the prime factors of 501486771?
3, 167162257
What are the prime factors of 330627152?
2, 17, 31, 113, 347
List the prime factors of 1077664370.
2, 5, 53, 1129, 1801
List the prime factors of 120238825.
5, 7, 23, 29873
What are the prime factors of 309771650?
2, 5, 251, 24683
What are the prime factors of 92128451?
92128451
What are the prime factors of 67679268